hat is 314110 + -2054?
312012
In base 4, what is -22230 - 312001031?
-312023321
In base 7, what is 6 + 12603004?
12603013
In base 6, what is -1443 + -3545332?
-3551215
In base 14, what is -4 + 947cc?
947c8
In base 9, what is 10616531 + -5?
10616525
In base 9, what is -267616 - -4?
-267612
In base 12, what is 2402b + -65?
23b86
In base 10, what is 0 - -299940371?
299940371
In base 11, what is -8 + 5428768?
5428760
In base 3, what is 22110210 + -20200?
22020010
In base 15, what is 7 + 7dbac76?
7dbac7d
In base 2, what is 1101 + -101011100100001011001100?
-101011100100001010111111
In base 4, what is 2020233213 + -2?
2020233211
In base 11, what is -4 - -1871798?
1871794
In base 12, what is -67b0 + -936?
-7526
In base 11, what is 58 + -362080?
-362023
In base 12, what is 1b - -20121a4?
2012203
In base 16, what is -23f1ca4 - -5?
-23f1c9f
In base 12, what is -1310a08 + 4?
-1310a04
In base 14, what is -dd9 + -dda?
-1dd5
In base 6, what is -35350154 - 124?
-35350322
In base 6, what is 43123352 - 2502?
43120450
In base 14, what is 9ccc8 - -14?
9ccdc
In base 7, what is 132322630 + 20?
132322650
In base 9, what is -168533 + -47?
-168581
In base 2, what is 1 - 101101010000010011100010?
-101101010000010011100001
In base 5, what is 122012444 + 333?
122013332
In base 12, what is 1029102 - -110?
1029212
In base 3, what is -102102110000 + 100?
-102102102200
In base 4, what is 23012131330 + -3233?
23012122031
In base 11, what is 38380290 + 3?
38380293
In base 5, what is -13 + -4404413112?
-4404413130
In base 8, what is 77113 - 2100?
75013
In base 13, what is -2680 - -b91?
-17bc
In base 2, what is 10000011001100100110001 + -101?
10000011001100100101100
In base 3, what is -21011020102201120 - 2?
-21011020102201122
In base 3, what is 100 - -11212122211200201?
11212122211201001
In base 8, what is -32252 + -555?
-33027
In base 13, what is -c6a27c1 + -3?
-c6a27c4
In base 14, what is 9dad7 + 8?
9db01
In base 5, what is -134122 + 1414030?
1224403
In base 2, what is -1111000011101001 + -10110101?
-1111000110011110
In base 11, what is -180 + -2214?
-2394
In base 12, what is -11944 - -34a?
-115b6
In base 6, what is 135022034 + -10?
135022024
In base 15, what is c30 + -11151?
-10421
In base 5, what is -3340023 + -1022220?
-4412243
In base 4, what is -3 - 33002330011?
-33002330020
In base 10, what is -52395 - 558?
-52953
In base 16, what is 2a9f64 - -4?
2a9f68
In base 5, what is 4430213130 - 3?
4430213122
In base 6, what is 31 + -1053314333?
-1053314302
In base 9, what is -6687 - 400?
-7187
In base 12, what is 57b0 - -382?
5b72
In base 13, what is 9924 - -221?
9b45
In base 13, what is 19020c + 3a?
190249
In base 9, what is -1 - 84356056?
-84356057
In base 12, what is -1b81 + -10a6a?
-12a2b
In base 8, what is 6531621110 - 0?
6531621110
In base 10, what is 1680 + 88337?
90017
In base 5, what is 31422412023 + 2?
31422412030
In base 6, what is -5121020 + -151?
-5121211
In base 12, what is -28886 + -b4b?
-29815
In base 13, what is 49668 + 117b?
4a816
In base 10, what is 142837140 + 0?
142837140
In base 13, what is 123 + 6965a?
69780
In base 6, what is -5331001222 - 0?
-5331001222
In base 7, what is 5 + 535402211?
535402216
In base 8, what is -10571706 - -236?
-10571450
In base 15, what is -1e7691d - -3?
-1e7691a
In base 5, what is -4012330443 - -1?
-4012330442
In base 9, what is 21546 + -24?
21522
In base 14, what is 20 + -678b512?
-678b4d2
In base 4, what is -1103112100200 + 3?
-1103112100131
In base 14, what is 326d + -2122?
114b
In base 8, what is 675534 - 1315?
674217
In base 9, what is 1347773 - 1526?
1346246
In base 7, what is -1322135440 - -3?
-1322135434
In base 6, what is 40055454 - -235?
40100133
In base 4, what is -322100122 - 1332?
-322102120
In base 14, what is -c3 + -2bc7?
-2caa
In base 12, what is -57a085a + -14?
-57a0872
In base 14, what is a7 - 8037?
-7d70
In base 14, what is 12759a + 2?
12759c
In base 13, what is -695c + 175?
-67b7
In base 9, what is 0 - 2254046?
-2254046
In base 12, what is -2a + -6b278?
-6b2a6
In base 2, what is 10010111011 + 110111110111100101?
111000001010100000
In base 8, what is -41233420 - 3?
-41233423
In base 5, what is -41 + 43420333?
43420242
In base 13, what is 543988 + -4?
543984
In base 4, what is -2 + 303323003?
303323001
In base 9, what is 2835055 + 2?
2835057
In base 7, what is 100 + -11416126?
-11416026
In base 16, what is -2 + 16a09f?
16a09d
In base 13, what is -a - -407b22?
407b15
In base 3, what is 200102222 - 1222210?
121110012
In base 13, what is 10 + -c9489?
-c9479
In base 3, what is -12222121211002 + -2?
-12222121211011
In base 9, what is -6315 + 21685?
14370
In base 3, what is -12121200202002 + 11?
-12121200201221
In base 15, what is -7c5b4 + 8?
-7c5ab
In base 6, what is -21031 - 2013?
-23044
In base 14, what is 38da5 + -19d?
38c06
In base 2, what is -111000010111111001011 + 101111?
-111000010111110011100
In base 7, what is 4 + 11230333?
11230340
In base 6, what is 251245543 - 110?
251245433
In base 7, what is 140601 + 146411?
320312
In base 11, what is -a0602 - -600?
-a0002
In base 15, what is 2 + 1054268b?
1054268d
In base 15, what is 15173 + -91?
150d2
In base 5, what is 102 + -10032424?
-10032322
In base 16, what is -43036c0 - 1?
-43036c1
In base 13, what is 977 - -48bb?
5565
In base 4, what is -2312333000210 + 0?
-2312333000210
In base 3, what is 100000201 - -121021210?
221022111
In base 12, what is -5 - 17a51a?
-17a523
In base 10, what is -293054 + 1665?
-291389
In base 2, what is 10100110000011000100 - 1001011?
10100110000001111001
In base 15, what is -100b2 - 5?
-100b7
In base 10, what is 131204 + -72?
131132
In base 10, what is -4 + 33647830?
33647826
In base 15, what is -57 + 4d13b0?
4d1358
In base 7, what is -21404514425 - 4?
-21404514432
In base 2, what is -10010110100000110000010000 - -10111?
-10010110100000101111111001
In base 3, what is -11222202 + 101012212?
12020010
In base 10, what is -5 - -1180679?
1180674
In base 10, what is -6276953 + 61?
-6276892
In base 16, what is 4079 - -11?
408a
In base 3, what is -21121122102 - -1121?
-21121120211
In base 11, what is 3 + 17224a3?
17224a6
In base 6, what is 5 + 30205235?
30205244
In base 15, what is 1 + -6cb988?
-6cb987
In base 2, what is 10110100111 - -1101110001?
100100011000
In base 3, what is 200 - 1222002222?
-1222002022
In base 2, what is 110001000111011111110 + 1000111?
110001000111101000101
In base 9, what is -165 + 323587?
323422
In base 14, what is -5 + -12d02d?
-12d034
In base 7, what is -16551231 - 0?
-16551231
In base 16, what is -29daaa - -1?
-29daa9
In base 13, what is -1490 - -70b34?
6c674
In base 15, what is -18 + -1851a4?
-1851bc
In base 5, what is 1020 - -10221101?
10222121
In base 16, what is -5e + -28cfe?
-28d5c
In base 3, what is 1220211112120 + -2001?
1220211110112
In base 14, what is -478b + 115?
-4676
In base 14, what is -2 - -825436?
825434
In base 10, what is -826668 - 12?
-826680
In base 13, what is 0 + -3cc64394?
-3cc64394
In base 2, what is -100101001100011 + 1010001110?
-100011111010101
In base 10, what is 183 - -833993?
834176
In base 9, what is 1488130 + -7?
1488122
In base 14, what is 7da - 71d4?
-67d8
In base 8, what is -50640344 + 5?
-50640337
In base 13, what is 47a79 - -20?
47a99
In base 4, what is 1220010201233 - -10?
1220010201303
In base 15, what is 408c - 2d?
405e
In base 2, what is 10010110001100101 + 11?
10010110001101000
In base 13, what is 23765b75 - 3?
23765b72
In base 3, what is 11102120101 - -111002?
11110001110
In base 16, what is -970 + -7da?
-114a
In base 12, what is -11196120 - 4?
-11196124
In base 16, what is 2e + 810b?
8139
In base 5, what is 1003444422 + -12?
1003444410
In base 13, what is -33 + -6581?
-65b4
In base 3, what is -201 + -121201101111100?
-121201101112001
In base 12, what is -150 - -3252b?
3239b
In base 13, what is 49 - -40598?
40614
In base 13, what is -2795 - 3546?
-600b
In base 11, what is -211263 + -34?
-211297
In base 10, what is 30327 - -1016?
31343
In base 9, what is -157 - -73568?
73411
In base 11, what is 341a6 + 3281?
37477
In base 12, what is 29512 - 40b3?
2541b
In base 2, what is -101101100 + 110101000000000111?
110100111010011011
In base 14, what is 4 + -707204a?
-7072046
In base 6, what is -1434242502 - 0?
-1434242502
In base 13, what is 5 + -ab9543?
-ab953b
In base 3, what is